- w(d). Calculate b(4).
7
Let a(s) = -s**2 - 20*s - 39. Suppose 4*m - 144 = 5*p - 38, 4 = m. Determine a(p).
-3
Suppose 3*d + c - 9 - 2 = 0, 5*c + 5 = -3*d. Suppose 4*w - d*l = 30 + 9, 5*w - 3*l - 39 = 0. Let o(z) = 12 + w + z**2 + 8*z - 14. Give o(-3).
-11
Let t = 16346 - 16342. Let p(y) = 4*y + y + 2*y - y**2. Calculate p(t).
12
Let n(w) be the second derivative of 0 + 1/12*w**4 + 11/2*w**2 + 1/6*w**3 - 10*w. Let t(o) = -o - 6. Let f be t(-6). What is n(f)?
11
Let g(u) = u + 14. Let s(d) = 2*d + 10. Let r be s(-14). Let v be (10 - 0)/(-16 - r). Let w = v + -5. What is g(w)?
14
Let x(b) = -8*b**2 - 3*b + 5. Let d(l) = -41*l**2 - 16*l + 28. Let w(z) = 2*d(z) - 11*x(z). Determine w(2).
27
Let w(p) = -p**2 - p + 35. Let y(z) = -9*z - 9. Let x be y(-1). Give w(x).
35
Let k(q) = 2*q**2 - 6*q + 7. Let s(z) = -z**2 - z + 1. Let g(y) = k(y) - 6*s(y). Suppose 3*v = -v - 52. Let w = v + 14. Give g(w).
9
Let q(i) = 5. Let u(v) = -v + 40. Let x(a) = 21*q(a) - 3*u(a). What is x(8)?
9
Let h = 76 + -73. Let p be -5*h/(-45)*-3. Let j(a) = 3*a**2 + a + 1. Determine j(p).
3
Let h = -1300 - -1308. Let j(f) = -3*f + 7. Let m(b) = 6*b - 15. Let i(x) = -5*j(x) - 2*m(x). Determine i(h).
19
Let o(v) = -v**3 + 10*v**2 - 6*v - 3. Let c(x) = x**3 - 9*x**2 + 5*x + 4. Let a(f) = -3*c(f) - 2*o(f). Give a(7).
-27
Suppose -8*v + 7*v - 8 = 0. Let h be 2/(-8) + (-50)/v. Let t(x) = 8*x**2 + 2*x - 7 - h*x**2 - x**2. Calculate t(-5).
8
Let k(l) be the third derivative of 5*l**4/24 + l**3/6 + 76*l**2. What is k(2)?
11
Let z(l) = -5*l**3 + l**2 + 5*l**3 - 2 - l**3 + 1. Let c be z(-1). Let v(w) = 17*w - 1. What is v(c)?
16
Let u(r) be the third derivative of 7/6*r**3 + 3/20*r**5 - 20*r**2 - 1/120*r**6 + 0 + 0*r - 1/24*r**4. Give u(9).
-2
Suppose 0 = -275*m + 283*m - 104. Let s(r) = -2*r + 25. Determine s(m).
-1
Let q(x) = -4*x + 20. Let j be q(5). Let h(t) = 6*t - t**2 + 0 + j + 4. What is h(7)?
-3
Let c(k) = 4 - k - 3 + 1. Let a = 59 - 64. Give c(a).
7
Let d(i) = -30*i**3 - 2*i**2 - 3*i**2 + 2*i**2 + 31*i**3 + 5*i. Determine d(4).
36
Let y(k) = -3*k + 10 + 0*k - 4 + 3 - 13. Let a be -1 - 0/(-2) - 6. What is y(a)?
17
Let y(d) = -d**2 - 16*d - 49. Let a be y(-8). Let o(l) = -l**2 + 14*l + 16. Determine o(a).
1
Let o(c) = -c**2 + 6. Suppose 2*n + 1 = -2*n + q, 3*q - 13 = 2*n. Suppose 0 = b - n. Let y be (0/(b + -5))/(-4). Calculate o(y).
6
Let t(i) be the first derivative of -i**4/4 + 17*i**3/3 - 8*i**2 + 2*i + 253. Give t(16).
2
Suppose -4*q - 2*t = -6 - 0, 3*q - 5*t = -2. Let l(u) = -q + 1 - 9 + u. Give l(8).
-1
Let j be (-3 - -2)/(6/(-24)*-2). Let b(s) = -4*s**2 - s + 1. Give b(j).
-13
Suppose 4*n + 6*a = a + 19, 8*a - 15 = -5*n. Let q(l) = l - 11. Give q(n).
0
Let s(d) = 3*d**2 - 17*d - 2. Let t(p) = -4*p**2 + 18*p + 3. Let v(n) = 5*s(n) + 4*t(n). Let h be v(-13). Let j(q) = 0 - 5 - q**h + 4. Give j(-1).
-2
Let m(h) = h - 3*h**3 - 3 - 6*h + 7*h - 2*h**2 + 1. Calculate m(2).
-30
Suppose -4*f + 22 = -5*i, 2*f - 3*i = i + 8. Let w(g) = g**2 - 7*g - 6. Give w(f).
2
Let d(r) = r**3 - 5*r**2 - 4*r - 8. Let c(u) = -u + 7. Let f be c(-10). Let w(y) = -y**2 + 16*y + 23. Let q be w(f). Calculate d(q).
4
Let k(h) be the third derivative of -1/15*h**5 - 1/4*h**4 + h**3 + 0 + 0*h - h**2 + 1/120*h**6. Let v be (-18)/(-4) + 7/14. Calculate k(v).
1
Let n(v) be the third derivative of v**6/360 + v**5/24 + v**4/12 - v**3/3 - 2*v**2 - 10. Let c(u) be the second derivative of n(u). Calculate c(4).
13
Let n(w) be the third derivative of 0*w - 2/3*w**3 + 0*w**4 - 38*w**2 - 1/120*w**6 + 1/12*w**5 + 0. Give n(4).
12
Let v(f) = -2*f**2 + 48*f - 132. Let t be v(3). Let u(j) = -j**2 - j + 8. Calculate u(t).
-22
Let g be ((-10)/(-2))/((-13)/(-26)). Let s(l) = 2 - 5 + g - l. Determine s(6).
1
Let p(b) = -13*b + 17. Let d(x) = 7*x - 9. Let o(y) = -11*d(y) - 6*p(y). Let u(q) = q - 1. Let k(h) = -o(h) + 2*u(h). Give k(-4).
-3
Let c = -3141 - -3148. Let n(w) = 11*w**3 - 24*w**2 + 35*w - 21. Let k(v) = 4*v**3 - 8*v**2 + 12*v - 7. Let o(z) = 8*k(z) - 3*n(z). Give o(c).
-7
Let m(z) be the third derivative of 5*z**2 + 0 - 3/40*z**6 + 1/60*z**5 - 1/6*z**3 + 0*z - 1/24*z**4. Let s(x) = x**2 + x - 1. Let l be s(0). Determine m(l).
10
Let g be 18*2/(0 - -6). Let c(y) = 0*y + y + 6 + y - y. Calculate c(g).
12
Let z(k) = k**3 + 5*k**2 - 11*k - 13. Let b(o) = -o**3 - 8*o**2 + 33*o + 123. Let x be b(-10). What is z(x)?
-34
Suppose f + 16 = -2*t, -32 = 4*t - 23*f + 19*f. Let x(q) = q**3 + 9*q**2 + 12*q + 2. Give x(t).
-30
Let i be 112/(-3) + (-5)/(-15). Let u = 32 + i. Let q(c) = c**3 + 6*c**2 + 6*c - 4. Determine q(u).
-9
Let y(q) = -167 - 5*q + 180 - q**2 + 3*q. Determine y(3).
-2
Let q(l) be the third derivative of -l**6/120 - l**5/12 + l**4/24 - l**3/3 - 78*l**2 - l. What is q(-6)?
28
Let v(b) = 3*b. Let l(a) be the third derivative of -a**4/8 - 65*a**3/6 + 33*a**2. Let w be l(-20). Give v(w).
-15
Let b(j) be the first derivative of -1/2*j**2 - 4*j - 8. Calculate b(-7).
3
Let g(v) = -v + 8. Let x be (11 - 8)*11/3. Suppose -10 = -3*p + x. What is g(p)?
1
Let a(p) = 18 - p**2 + 535*p - 277*p - 272*p. What is a(-15)?
3
Let y be 1 - (2 + -3 + -4). Let r(u) = 6*u - 7548 - 8*u + 7556. What is r(y)?
-4
Let a(f) = -2*f + 3. Let x(b) = 2*b - 4. Let d(y) = 6*a(y) + 5*x(y). Let o be 1 - ((-1)/3 + (-30)/(-9)). Let p be d(o). Let j(q) = q**3 - q - 2. Give j(p).
4
Suppose -13 = -2*h + 3. Let q(g) = g**2 - 7*g - 11. Let c be q(h). Let k(t) = 16*t - 5 - 18*t + 0 + 1. Give k(c).
2
Let i be (-32)/14 - (-2)/7. Let v = i - 1. Let l(y) = 2*y - 149. Let d(m) = -m + 42. Let c(r) = -7*d(r) - 2*l(r). Determine c(v).
-5
Let c(l) = -10*l + 5. Let o(s) be the third derivative of -s**4/8 + s**3/3 - 35*s**2. Let r(b) = -2*c(b) + 7*o(b). Determine r(7).
-3
Suppose -4*x - 1 = -w, -2*x - x = -w. Let s(o) = 7*o + 4. Let b be s(x). Let z(y) be the third derivative of -y**6/120 - y**5/15 - y**4/8 + 2*y**2. Give z(b).
0
Suppose k = -4*d, 3*k - 2*d - 7 - 7 = 0. Let y(b) = -b + 5. Calculate y(k).
1
Let a(p) = -5 - 18*p + p**2 - 8 + 4 + 11*p. Determine a(7).
-9
Let l(g) = 15*g**2 - g - 1063 + 1098 + g**3 - 11*g - 2*g. Determine l(-16).
3
Let l(z) = 0 + 0 - z**2 - 4*z - 3. Suppose 5 = 5*g, 5*w - 5 = -4*g - 6. Let v = w - 3. Calculate l(v).
-3
Let n(i) = 9*i. Let o be 12/(-18) + (-334)/(-6). Let g be (-1)/6 - o/66. Determine n(g).
-9
Let l(s) = -4*s + 3. Suppose 12 = 4*g - 4*m, 4*g + 3*m - 51 = -25. Determine l(g).
-17
Let t(f) = -7*f - 14. Let j(m) = 10*m + m + 0*m + 21. Suppose 0 = -4*z + 5*y - 22, 2*z - 2*y + 8 = -4. Let g(o) = z*t(o) - 5*j(o). Give g(-6).
1
Let r(u) = -u**2 - 11*u - 36. Let z be r(-4). Let o(p) = -2*p - 4. Determine o(z).
12
Let q(o) = -27 + 65 - 38 - o. Give q(6).
-6
Let c(l) = 14*l**2 + 2*l + 27. Let z(v) = -5*v**2 - v - 9. Let j(b) = 6*c(b) + 17*z(b). Let g = -13 + 6. Calculate j(g).
-5
Let s(h) = 2*h**2 - 2*h + 1. Let n be s(2). Let l(k) = 4 + 4 + k + n - 5. Let m be (3/9 + 2/12)*-12. Calculate l(m).
2
Let t(d) be the third derivative of -d**4/24 - d**3/3 + 2*d**2. Suppose -475 = -128*m + 165. What is t(m)?
-7
Let g(v) be the second derivative of -v**4/12 + v**3/2 + 3*v**2/2 - 73*v + 1. What is g(3)?
3
Suppose -22*j - 20 = -24*j. Let f(z) = -z + 23. Give f(j).
13
Let f(x) = -2*x - 3*x**2 - 3 - x + x - 2*x. Let l = -204 - -202. Give f(l).
-7
Let r(o) = o + 7. Suppose -3*v = 3*w + 24, 4*w = -0*w - 5*v - 27. Determine r(w).
-6
Let q(z) = -z - 2. Let w(j) = 7*j**2 - 3*j + 11. Let n be w(4). Let t = n + -117. Give q(t).
4
Suppose -3*z = 15, 8*g + 13 = 12*g + 3*z. Let s(o) = o**3 - 6*o**2 - 6*o - 4. Calculate s(g).
3
Suppose 6*z + 15 = 9*z. Let c(h) = z - 3 + h + 1 - 5. Let u be 20/(-6)*(-12)/10. Determine c(u).
2
Let s(b) = -13*b - 2. Let g(h) = -12*h - 2. Let n(u) = -5*g(u) + 4*s(u). Give n(-3).
-22
Let v(s) = -4*s - 4. Let x(n) be the second derivative of n**4/6 + 4*n**3/3 - 19*n**2/2 - 43*n. Let f be x(-6). Calculate v(f).
-24
Suppose 13*p + 91 = 13. Let d(c) be the first derivative of -c**3/3 - 5*c**2 - 7*c - 1. Determine d(p).
17
Let z(r) = 6*r**2 - 8*r - 4. Let i(h) = 7*h**2 - 9*h - 4. Let y(u) = 2*i(u) - 3*z(u). Let n(k) = 7*k**2 - 11*k - 7. Let s(j) = 3*n(j) + 5*y(j). What is s(4)?
3
Let z(r) be the third derivative of -r**7/2520 - r**6/360 + r**5/30 + 29*r**4/24 + 17*r**2. Let h(t) be the second derivative of z(t). Determine h(-